= 3*r + 28. Suppose 16*t = -4*f + 19*t + 35, 5 = 5*f + 4*t. What is the remainder when r is divided by f?
3
Let a be (36/(-15) + 4)/((-1)/(-80)). Let v = -115 + a. What is the remainder when 38 is divided by v?
12
Let h(b) = -2 + 16 + 9 - b**3 + 19*b**2 - 19*b. Suppose -16 = -15*i + 254. What is the remainder when h(i) is divided by 3?
2
Suppose 31 = 3*z - 2*s, -4*s - 6 = -s. Suppose -j = -4*r + r + 18, 1 = -r - 2*j. Calculate the remainder when z is divided by r.
4
Let y be 24/10*120/36 + -4. Calculate the remainder when (-1050)/(-20)*y/5 is divided by 3.
0
Let g = 567 + 133. What is the remainder when g is divided by 27?
25
Suppose 5*z + c - 1060 = 0, -2*c - 25 = 3*c. Calculate the remainder when z is divided by 43.
41
Suppose 276 = -69*o + 2139. What is the remainder when 263 is divided by o?
20
Let n = 576 + -533. Calculate the remainder when 86 is divided by n.
0
Suppose -8*w - 24 = -13128. What is the remainder when w is divided by 10?
8
Let l(b) = b**3 - b**2 + b - 3. Let x be l(2). Suppose x*s + 3*i - 64 = -2*s, -5*s - 5*i + 70 = 0. Calculate the remainder when 53 is divided by s.
9
Let w(s) = -3*s - 24. Let y be w(-8). Suppose y = 9*t + 12 - 39. What is the remainder when 11/2 - (-1)/2 is divided by t?
0
Calculate the remainder when (2 + 15/(-9))/(12/5328) is divided by 67.
14
Suppose 2*u + 36 = -2*u. Let m be (-2)/(-3)*108/u. Calculate the remainder when ((-2)/(-3))/(m/(-228)) is divided by 5.
4
Let y(n) = -n**3 - 14*n**2 + 6*n + 142. What is the remainder when 287 is divided by y(-14)?
55
Let d(k) = -k**3 + 7*k**2 + 7*k - 6. Suppose 0*n - 11 = -n. Calculate the remainder when d(7) is divided by n.
10
Let q = 234 + -220. Calculate the remainder when q is divided by 7.
0
Suppose -1 = -4*c - 25. Let i be -1 + (-33)/c*2. Calculate the remainder when 97 is divided by (-8)/20 - (-254)/i.
22
Suppose 4*i + 4 = 2*u + 24, u = -5*i + 4. Let g(y) = -3. Let c(x) = 3*x - 11. Let t(d) = -c(d) + g(d). Calculate the remainder when 103 is divided by t(u).
25
Suppose 2*r - 2*v = -r - 19, -5*v - 40 = 5*r. Let c = r + 12. What is the remainder when -2 + c + 8 + 2 is divided by 7?
6
Let t(u) = -6 + 5*u - 12 + 9. Calculate the remainder when 2/1 + -5 - -44 is divided by t(4).
8
What is the remainder when 1/(-11) - 25466/(-374) is divided by 38?
30
Suppose 33 = 2*b + b. Let i be 3 + 0 + -3 + b. What is the remainder when i + (0/2)/2 is divided by 3?
2
Let n(k) = 9*k - 4. Calculate the remainder when n(15) is divided by 38.
17
Let f = 0 + 7. Let y be 3/(6 - 3)*-9. Let n = y + 22. Calculate the remainder when n is divided by f.
6
Let j(f) = -f + 13. Let h be j(12). What is the remainder when 30 + -1 - 2 - h is divided by (-6)/(-14) + 134/14?
6
Suppose -32*i + 308 = -25*i. What is the remainder when 175 is divided by i?
43
Let u be (12/36)/((2/1)/12). What is the remainder when 29 is divided by (-328)/(-28) - u/(-7)?
5
Let x(t) = -t**2 - 7*t - 5. Suppose -5 = 5*o + 20. Calculate the remainder when 19 is divided by x(o).
4
What is the remainder when 129/215 + 484/10 is divided by 25?
24
Suppose 7 = 2*x - 13. Let v = x + 21. What is the remainder when v is divided by (-4)/14 + 484/28?
14
Let c = -174 + 255. Suppose -10 = -4*n + 74. Calculate the remainder when c is divided by n.
18
Suppose -7*z + t + 6 = -2*z, 0 = -2*z - t + 1. Let o = -18 + 20. Suppose -o*u - 10 = 3*b, 3*u - 2*b = -6*b - 13. Calculate the remainder when z is divided by u.
0
Suppose -4*l - 2*m = -6*m - 292, -l - 5*m = -73. What is the remainder when l is divided by 40?
33
Suppose 3700 + 24500 = 50*k. Calculate the remainder when k is divided by 8.
4
Suppose -5*m - 30 = -3*k - k, 0 = 2*m - 5*k - 5. Let z be ((-12)/m)/((-12)/(-30)). Suppose -z*n = -66 + 3. Calculate the remainder when n is divided by 11.
10
Suppose 0*h + d = h + 10, -5*h - 4*d = 86. Let k = -4 - h. Suppose 5*r + k = -0*u + 5*u, -2*u + 6 = -r. What is the remainder when 5 is divided by r?
1
Let f(t) = 42*t - 27. Let v be f(4). Suppose -v = -0*a - 3*a. Let d(i) = i**3 + i**2 - 5*i + 4. Calculate the remainder when a is divided by d(3).
22
Let o(c) = c**3 - c**2 + c + 32. Suppose 16*y = 4*y + 228. Calculate the remainder when o(0) is divided by y.
13
Let t be (-14)/12 - (-6)/36 - -17. Suppose -37 = -3*g - 4*m, -m - t - 8 = -4*g. Calculate the remainder when 8 is divided by g.
1
Suppose 3*o + j = 557, 2*o - 4*j + 3*j = 368. Suppose 0 = 5*d - o - 465. What is the remainder when d is divided by 33?
31
Suppose -4*a + 3*s = -1940, 5*a + 4*s - 7*s = 2422. Calculate the remainder when a is divided by 22.
20
Suppose 504 = 16*r - 4*r. Calculate the remainder when 203 is divided by r.
35
Let h be ((-1)/(0 + -1))/((-2)/50). Suppose -4*r - 5*c + 84 = -0*c, 84 = 4*r + c. What is the remainder when -1 - h/35 - 1166/(-14) is divided by r?
20
Suppose -21*x + 15*x = k - 26, 4 = 4*x. Suppose b = 4*o - 3, -4*o + 3*b = -5*o + 17. Suppose -154 = -4*q + o*q. Calculate the remainder when q is divided by k.
17
Suppose 5*i - 4 = i. Suppose -m + 2 = -i. What is the remainder when m is divided by 3 - 0/(91/7)?
0
Calculate the remainder when 84/15*5*6 is divided by 6.
0
Let w be (96/40)/(2/(-15)). Let c = w - -21. Calculate the remainder when 8 is divided by c.
2
Suppose 0 = -7*u + r + 682, -7*u - 3*r + 110 = -6*u. What is the remainder when u is divided by 27?
17
Let s(v) = v**2 - 4*v + 10. Let o be s(7). Let j(d) = d + 7. Let l be j(-4). Suppose -o = -2*f - l. Calculate the remainder when f is divided by 5.
4
Suppose -3*x - 2 = 4*n, 3 = -3*x + 3*n + 15. Suppose 11*d - x*d - 99 = 0. Calculate the remainder when 29 is divided by d.
7
Suppose -7*k - 17*k + 408 = 0. Let b(w) = 4*w**2. What is the remainder when k is divided by b(1)?
1
Suppose -71 = 19*d - 375. What is the remainder when 45 is divided by d?
13
Let c(r) = -r**2 + 7*r - 1. Let p be c(5). Suppose p = v - 6. Let l(s) = -7*s - 6. Calculate the remainder when l(-9) is divided by v.
12
Let v(d) be the third derivative of 23*d**5/60 + d**3/6 - 2*d**2. Calculate the remainder when (-440)/(-5) + -12 + (2 - 9 - -2) is divided by v(1).
23
Let f = 261 - 162. Let g = -78 - -103. What is the remainder when f is divided by g?
24
Suppose -22 - 30 = -2*k. Calculate the remainder when -3 + (-4)/((-12)/237) is divided by k.
24
Suppose 3*i - 4*c = 23, 0 = 3*i - 2*c - 1 - 12. Suppose i = -u - 5*v, 3*v + v = -4. What is the remainder when ((-286)/4)/11*-2 is divided by u?
1
Let z(g) = 2*g - 5. Let j be z(5). Suppose 2*n - 73 = -c, 4*n - 6*c + c - 111 = 0. What is the remainder when n is divided by j/(20/(-12)) + 12?
7
Let s = 45 - 45. Suppose 0 = 5*b - 3*j - 234, s*j - 228 = -5*b + j. Let d(p) = 3*p**2 + 5*p + 4. What is the remainder when b is divided by d(-3)?
13
Let v = -266 - -325. Calculate the remainder when 230 is divided by v.
53
What is the remainder when 238 is divided by (-11)/(748/8) + 684/34?
18
Suppose 0 = f + k - 6*k - 115, -25 = -5*k. Suppose -16 = -d - s + 12, -3*s - f = -4*d. Calculate the remainder when d is divided by 9.
5
Suppose m = 5*m - 5*f - 11, 1 = f. Suppose 3*d = r + m*r + 97, 47 = d + 2*r. What is the remainder when d is divided by 11?
6
Let n(d) = -22*d - 5. What is the remainder when n(-9) is divided by (-2)/(-17) - 1971/(-153)?
11
Suppose 37*d = 46*d - 666. Calculate the remainder when d is divided by 35.
4
Suppose 85 = -4*v + 445. Let h = v + -61. Calculate the remainder when h is divided by 11.
7
Suppose 38 = 5*w + 4*u, 0*w - 2*w + 35 = -5*u. Calculate the remainder when (-95)/5*4*1/(-4) is divided by w.
9
Let w(b) = b**2 + b - 8. Let z(u) = -u**3 - 6*u**2 - u - 6. Let t be z(-6). Suppose t = 9*a + 5*a - 1218. Calculate the remainder when a is divided by w(-6).
21
Suppose 5*c - 15 = 0, -4*k + 4*c = -3 - 1. Let q be -1*(-1)/(-2) + 70/(-4). Let f = q - -29. Calculate the remainder when f is divided by k.
3
Suppose 0 = -2*l + 5*z + 145 + 50, 4*l - 366 = 2*z. What is the remainder when l is divided by 7?
6
What is the remainder when 379 is divided by 20*-1*(-11 + 5) - 2?
25
Let u(b) = b**3 + 9*b**2 + 13*b + 18. Suppose 0 = -14*i + 8*i + 60. What is the remainder when u(-7) is divided by i?
5
Suppose 0 = d - 30 + 10. What is the remainder when d is divided by 7?
6
Let h(t) = 10*t + 41. Let k(n) = -5*n - 20. Let c(a) = 4*h(a) + 9*k(a). Calculate the remainder when 10 is divided by c(-4)